{"id":5187,"date":"2024-04-12T15:47:19","date_gmt":"2024-04-12T21:47:19","guid":{"rendered":"https:\/\/condican.upiita.ipn.mx\/?page_id=5187"},"modified":"2024-04-12T15:58:53","modified_gmt":"2024-04-12T21:58:53","slug":"acerca-de-condican","status":"publish","type":"page","link":"https:\/\/condican.upiita.ipn.mx\/index.php\/inicio\/acerca-de-condican\/","title":{"rendered":"Acerca de CONDICAN"},"content":{"rendered":"<section class=\"wpb-content-wrapper\"><p>[vc_row][vc_column][vc_row_inner][vc_column_inner width=&#8221;1\/3&#8243;][vc_custom_heading text=&#8221;Acerca de CONDICAN&#8221; font_container=&#8221;tag:h5|text_align:left&#8221; use_theme_fonts=&#8221;yes&#8221;][vc_empty_space height=&#8221;50px&#8221;][vc_single_image image=&#8221;5117&#8243; img_size=&#8221;full&#8221;][\/vc_column_inner][vc_column_inner width=&#8221;2\/3&#8243;][vc_column_text]<\/p>\n<p style=\"text-align: justify;\">El <strong>CONDICAN<\/strong> es un congreso organizado por los integrantes del Laboratorio de Sistemas para Diagn\u00f3stico y Tratamiento de C\u00e1ncer (LSDTC) de la UPIITA-IPN, quienes realizan actividades relacionadas con la difusi\u00f3n de proyectos e investigaciones, asociadas con la obtenci\u00f3n, desarrollo de materiales, as\u00ed como la generaci\u00f3n de diferentes tecnolog\u00edas para el diagn\u00f3stico y tratamiento oportuno de los diferentes tipos de c\u00e1ncer. Potencializando el desarrollo tecnol\u00f3gico y la ense\u00f1anza mediante la difusi\u00f3n y divulgaci\u00f3n de la ciencia y la tecnolog\u00eda; as\u00ed como la promoci\u00f3n de la mejora continua, que impacte de forma positiva en la calidad de vida de la poblaci\u00f3n con diagn\u00f3stico de c\u00e1ncer.<\/p>\n<p>[\/vc_column_text][\/vc_column_inner][\/vc_row_inner][vc_column_text]<\/p>\n<p style=\"text-align: justify;\">El <strong>CONDICAN<\/strong> tiene como objetivo respaldar la difusi\u00f3n tanto te\u00f3rica como pr\u00e1ctica de materiales y sistemas para el diagn\u00f3stico del c\u00e1ncer. Su prop\u00f3sito es fomentar el intercambio de conocimientos cient\u00edficos, tanto aplicados como te\u00f3ricos, con el fin de enriquecer el di\u00e1logo cient\u00edfico y facilitar la creaci\u00f3n de redes entre estudiantes, investigadores y los sectores p\u00fablico y privado. Su enfoque principal radica en el desarrollo y aplicaci\u00f3n de materiales y sistemas para el diagn\u00f3stico del c\u00e1ncer.<\/p>\n<p>[\/vc_column_text][vc_row_inner][vc_column_inner width=&#8221;1\/2&#8243;][vc_custom_heading text=&#8221;Misi\u00f3n&#8221; font_container=&#8221;tag:h5|text_align:left&#8221; use_theme_fonts=&#8221;yes&#8221;][vc_column_text]<\/p>\n<p style=\"text-align: justify;\">Ser un congreso acad\u00e9mico-tecnol\u00f3gico que re\u00fana los sectores acad\u00e9micos, profesional e industrial con el de salud, as\u00ed como asociaciones y sociedades interesadas en la difusi\u00f3n y divulgaci\u00f3n de avances tecnol\u00f3gicos, proyectos innovadores, nuevos proyectos y temas relacionados con la tecnolog\u00eda y desarrollo\u00a0de materiales para el diagn\u00f3stico de C\u00e1ncer.<\/p>\n<p>[\/vc_column_text][\/vc_column_inner][vc_column_inner width=&#8221;1\/2&#8243;][vc_custom_heading text=&#8221;Visi\u00f3n&#8221; font_container=&#8221;tag:h5|text_align:left&#8221; use_theme_fonts=&#8221;yes&#8221;][vc_column_text]<\/p>\n<p style=\"text-align: justify;\">Nuestra visi\u00f3n es ser reconocidos como un congreso de renombre internacional, que impulse la difusi\u00f3n y avance de temas relacionados con materiales y sistemas para el diagn\u00f3stico del c\u00e1ncer. En <strong>CONDICAN<\/strong>, nos centramos en fomentar la difusi\u00f3n tanto te\u00f3rica como pr\u00e1ctica en este campo, promoviendo el di\u00e1logo cient\u00edfico y facilitando la conexi\u00f3n entre estudiantes, investigadores y los sectores p\u00fablico y privado. Nos destacamos por nuestro \u00e9nfasis en el desarrollo y aplicaci\u00f3n de materiales y sistemas para la detecci\u00f3n del c\u00e1ncer, contribuyendo as\u00ed al progreso en este importante \u00e1mbito de la salud.<\/p>\n<p>[\/vc_column_text][\/vc_column_inner][\/vc_row_inner][\/vc_column][\/vc_row]<\/p>\n<\/section>","protected":false},"excerpt":{"rendered":"<p>[vc_row][vc_column][vc_row_inner][vc_column_inner width=&#8221;1\/3&#8243;][vc_custom_heading text=&#8221;Acerca de CONDICAN&#8221; font_container=&#8221;tag:h5|text_align:left&#8221; use_theme_fonts=&#8221;yes&#8221;][vc_empty_space height=&#8221;50px&#8221;][vc_single_image image=&#8221;5117&#8243; img_size=&#8221;full&#8221;][\/vc_column_inner][vc_column_inner width=&#8221;2\/3&#8243;][vc_column_text] El CONDICAN es un congreso organizado por los integrantes del Laboratorio de Sistemas para Diagn\u00f3stico y Tratamiento de C\u00e1ncer (LSDTC) de la UPIITA-IPN, quienes realizan actividades relacionadas con la difusi\u00f3n de proyectos e investigaciones, asociadas con la obtenci\u00f3n, desarrollo de materiales, as\u00ed como la [&hellip;]<\/p>\n","protected":false},"author":1,"featured_media":0,"parent":3850,"menu_order":0,"comment_status":"closed","ping_status":"closed","template":"","meta":{"footnotes":""},"class_list":["post-5187","page","type-page","status-publish","hentry"],"_links":{"self":[{"href":"https:\/\/condican.upiita.ipn.mx\/index.php\/wp-json\/wp\/v2\/pages\/5187","targetHints":{"allow":["GET"]}}],"collection":[{"href":"https:\/\/condican.upiita.ipn.mx\/index.php\/wp-json\/wp\/v2\/pages"}],"about":[{"href":"https:\/\/condican.upiita.ipn.mx\/index.php\/wp-json\/wp\/v2\/types\/page"}],"author":[{"embeddable":true,"href":"https:\/\/condican.upiita.ipn.mx\/index.php\/wp-json\/wp\/v2\/users\/1"}],"replies":[{"embeddable":true,"href":"https:\/\/condican.upiita.ipn.mx\/index.php\/wp-json\/wp\/v2\/comments?post=5187"}],"version-history":[{"count":7,"href":"https:\/\/condican.upiita.ipn.mx\/index.php\/wp-json\/wp\/v2\/pages\/5187\/revisions"}],"predecessor-version":[{"id":5194,"href":"https:\/\/condican.upiita.ipn.mx\/index.php\/wp-json\/wp\/v2\/pages\/5187\/revisions\/5194"}],"up":[{"embeddable":true,"href":"https:\/\/condican.upiita.ipn.mx\/index.php\/wp-json\/wp\/v2\/pages\/3850"}],"wp:attachment":[{"href":"https:\/\/condican.upiita.ipn.mx\/index.php\/wp-json\/wp\/v2\/media?parent=5187"}],"curies":[{"name":"wp","href":"https:\/\/api.w.org\/{rel}","templated":true}]}}