{"id":4066,"date":"2023-09-24T09:22:10","date_gmt":"2023-09-24T15:22:10","guid":{"rendered":"https:\/\/condican.upiita.ipn.mx\/?page_id=4066"},"modified":"2025-08-28T15:55:13","modified_gmt":"2025-08-28T21:55:13","slug":"actividades","status":"publish","type":"page","link":"https:\/\/condican.upiita.ipn.mx\/index.php\/actividades\/","title":{"rendered":"Actividades"},"content":{"rendered":"<section class=\"wpb-content-wrapper\"><p>[vc_row][vc_column][vc_row_inner][vc_column_inner width=&#8221;2\/3&#8243;][vc_column_text]<\/p>\n<p style=\"text-align: justify;\">Los organizadores del\u00a03er. Congreso Nacional de Desarrollo de Materiales y Sistemas para el Diagn\u00f3stico de C\u00e1ncer\u00a0(CONDICAN-2025) se complacen en invitar a expertos, investigadores y profesionales a presentar propuestas para la organizaci\u00f3n de simposios durante nuestro pr\u00f3ximo evento. Los simposios ofrecen una plataforma para explorar y discutir en profundidad temas espec\u00edficos relacionados con el diagn\u00f3stico y tratamiento del c\u00e1ncer, el cual se llevar\u00e1 a cabo del\u00a0<strong>20 al 24 de octubre del 2025<\/strong>\u00a0en las instalaciones de la Unidad Profesional Interdisciplinaria en Ingenier\u00eda y Tecnolog\u00edas Avanzadas (UPIITA-IPN) ubicada en la Ciudad de M\u00e9xico.<\/p>\n<p><strong>Fechas importantes<\/strong><\/p>\n<p>Fecha l\u00edmite para someter tus propuestas:\u00a0 <strong>29 de marzo del 2025<\/strong><\/p>\n<p>Fecha de publicaci\u00f3n de resultados:\u00a0<strong>11 de abril del 2025<\/strong>[\/vc_column_text][\/vc_column_inner][vc_column_inner width=&#8221;1\/3&#8243; css=&#8221;.vc_custom_1695751471824{background-color: #f4f4f4 !important;}&#8221;][vc_column_text][\/vc_column_text][vc_single_image image=&#8221;5371&#8243; img_size=&#8221;full&#8221; alignment=&#8221;center&#8221;][vc_empty_space height=&#8221;30px&#8221;][vc_btn title=&#8221;Simposios&#8221; style=&#8221;classic&#8221; color=&#8221;primary&#8221; size=&#8221;lg&#8221; align=&#8221;center&#8221; button_block=&#8221;true&#8221; link=&#8221;url:%2Findex.php%2Factividades%2Fsimposios%2F&#8221;][vc_column_text]<\/p>\n<div class=\"recuadro\" style=\"text-align: center;\">Plantilla de Simposio<\/div>\n<p>[\/vc_column_text][vc_btn title=&#8221;Descargar plantilla&#8221; style=&#8221;classic&#8221; color=&#8221;primary&#8221; size=&#8221;lg&#8221; align=&#8221;center&#8221; button_block=&#8221;true&#8221; link=&#8221;url:https%3A%2F%2Fcondican.upiita.ipn.mx%2Fwp-content%2Fuploads%2F2024%2F02%2FTemplate_Simposio.docx&#8221;][vc_btn title=&#8221;Lineamientos para organizadores&#8221; style=&#8221;classic&#8221; color=&#8221;primary&#8221; size=&#8221;lg&#8221; align=&#8221;center&#8221; button_block=&#8221;true&#8221; link=&#8221;url:https%3A%2F%2Fcondican.upiita.ipn.mx%2Fwp-content%2Fuploads%2F2024%2F02%2FLineamientos_2024.pdf|target:_blank&#8221;][\/vc_column_inner][\/vc_row_inner][\/vc_column][\/vc_row][vc_row disable_element=&#8221;yes&#8221;][vc_column][vc_row_inner][vc_column_inner width=&#8221;2\/3&#8243;][vc_custom_heading text=&#8221;Diagn\u00f3stico de C\u00e1ncer basado en Modelado Computacional y Tecnolog\u00edas Avanzadas&#8221; font_container=&#8221;tag:h5|text_align:left&#8221; use_theme_fonts=&#8221;yes&#8221;][vc_column_text]<\/p>\n<p style=\"text-align: justify;\">El Simposio sobre Diagn\u00f3stico de C\u00e1ncer basado en Modelado Computacional y Tecnolog\u00edas Avanzadas representa un encuentro cient\u00edfico centrado en la detecci\u00f3n oportuna y diagn\u00f3stico del c\u00e1ncer de mama. Este evento re\u00fane a investigadores, profesionales y estudiantes de diversas disciplinas para explorar y compartir los \u00faltimos avances en el diagn\u00f3stico de esta enfermedad que aqueja mundialmente a las mujeres. Los temas de discusi\u00f3n abarcan desde la segmentaci\u00f3n y clasificaci\u00f3n de im\u00e1genes mamogr\u00e1ficas hasta el an\u00e1lisis de texturas y caracter\u00edsticas, as\u00ed como la aplicaci\u00f3n de algoritmos de inteligencia artificial. La fusi\u00f3n de datos multimodales, el procesamiento de im\u00e1genes de ultrasonido y el impacto de las tecnolog\u00edas de mamograf\u00eda digital tambi\u00e9n se analizar\u00e1n.<\/p>\n<p style=\"text-align: justify;\">Este simposio ofrece un espacio de intercambio de conocimientos y colaboraci\u00f3n que busca impulsar la investigaci\u00f3n y el desarrollo de soluciones m\u00e1s precisas y efectivas en el diagn\u00f3stico del c\u00e1ncer de mama. Adem\u00e1s, se exploran aspectos \u00e9ticos y legales relacionados con el uso de tecnolog\u00edas avanzadas en este contexto. La inclusi\u00f3n de la inteligencia artificial como herramienta clave para la detecci\u00f3n temprana y el an\u00e1lisis preciso de im\u00e1genes mamogr\u00e1ficas a\u00f1ade un elemento innovador a las discusiones.<\/p>\n<p><strong>T\u00f3picos<\/strong><\/p>\n<ol>\n<li>Segmentaci\u00f3n y clasificaci\u00f3n de im\u00e1genes mamogr\u00e1ficas.<\/li>\n<li>An\u00e1lisis de texturas y caracter\u00edsticas en im\u00e1genes mamogr\u00e1ficas.<\/li>\n<li>Aprendizaje autom\u00e1tico y algoritmos de inteligencia artificial aplicados a la detecci\u00f3n de c\u00e1ncer de mama.<\/li>\n<li>Fusiones de datos multimodales para mejorar la precisi\u00f3n en la detecci\u00f3n.<\/li>\n<li>Procesamiento de im\u00e1genes de ultrasonido en el diagn\u00f3stico de c\u00e1ncer de mama.<\/li>\n<li>Sistemas de mamograf\u00eda digital de \u00faltima generaci\u00f3n y su impacto en la detecci\u00f3n de c\u00e1ncer de mama.<\/li>\n<li>Integraci\u00f3n de datos cl\u00ednicos y de imagen para la toma de decisiones en el diagn\u00f3stico y tratamiento.<\/li>\n<li>Tecnolog\u00edas emergentes: Radiomics y grafos.<\/li>\n<li>Consideraciones \u00e9ticas y legales en el uso de tecnolog\u00edas avanzadas para la detecci\u00f3n de c\u00e1ncer de mama.<\/li>\n<li>Sistemas de control y monitoreo con antenas de microinsersi\u00f3n.<\/li>\n<li>Focalizaci\u00f3n de la ablaci\u00f3n mediante t\u00e9cnicas de imagenolog\u00eda integrada.<\/li>\n<li>Algoritmos de planificaci\u00f3n y optimizaci\u00f3n para la ablaci\u00f3n con antenas de microinserci\u00f3n.<\/li>\n<\/ol>\n<p>[\/vc_column_text][\/vc_column_inner][vc_column_inner width=&#8221;1\/3&#8243; css=&#8221;.vc_custom_1695751477520{background-color: #f4f4f4 !important;}&#8221;][vc_column_text]<\/p>\n<div class=\"recuadro\">\n<h5 class=\"widgettitle\">ORGANIZADORES<\/h5>\n<p><strong>Dra. Citlalli Jessica Trujillo Romero<\/strong><br \/>\nInstituto Nacional de Rehabilitaci\u00f3n-LGII<br \/>\nInvestigadora en ciencias m\u00e9dicas &#8211; C<br \/>\nDivisi\u00f3n de investigaci\u00f3n en ingenier\u00eda m\u00e9dica.<br \/>\ncjtrujillo@inr.gob.mx<\/p>\n<p><strong>Dra. Raquel Mart\u00ednez Valdez<br \/>\n<\/strong>Investigadora Posdoctoral<br \/>\nDepartamento: Ingenier\u00eda Biom\u00e9dica del Centro de Ciencias de la Ingenier\u00eda<br \/>\nPrograma: Doctorado en Ciencias Aplicadas y Tecnolog\u00edas del Centro de ciencias\u00a0B\u00e1sicas<br \/>\nUniversidad Aut\u00f3noma de Aguascalientes<br \/>\nraquel.martinez@edu.uaa.mx<\/p>\n<p><strong>Dr. Rafael Bayareh Mancilla<\/strong><br \/>\nInvestigador postdoctoral<br \/>\nUPIITA-IPN<\/div>\n<p>[\/vc_column_text][\/vc_column_inner][\/vc_row_inner][vc_separator][\/vc_column][\/vc_row][vc_row disable_element=&#8221;yes&#8221;][vc_column][vc_row_inner][vc_column_inner width=&#8221;2\/3&#8243;][vc_custom_heading text=&#8221;Simposio Mexicano de Investigaciones Multidisciplinarias para el Diagn\u00f3stico de C\u00e1ncer&#8221; font_container=&#8221;tag:h5|text_align:left&#8221; use_theme_fonts=&#8221;yes&#8221;][vc_column_text]<\/p>\n<p style=\"text-align: justify;\">Atender la necesidad creciente de un diagn\u00f3stico temprano y oportuno exige nuevas modalidades que respondan tecnol\u00f3gica y econ\u00f3micamente a los vigentes sistemas de salud nacionales. A trav\u00e9s de este simposio se ofrece un punto de encuentro para investigadores, estudiantes, emprendedores, inversionistas y toda persona interesada en conocer los resultados de investigaci\u00f3n multidisciplinaria y propuestas innovadoras que convergen en el objetivo de optimizar procesos relacionados con el diagn\u00f3stico de c\u00e1ncer.<\/p>\n<p style=\"text-align: justify;\">El Simposio de Investigaciones Multidisciplinarias para el Diagn\u00f3stico de C\u00e1ncer integra las distintas \u00e1reas de investigaci\u00f3n m\u00e9dica, biom\u00e9dica, f\u00edsica y computacional, ya que todas ellas son indispensables para la creaci\u00f3n de nuevas estrat\u00e9gias y desarrollos tecnol\u00f3gicos para el diagn\u00f3stico del c\u00e1ncer.<\/p>\n<p><strong>Temas del simposio<\/strong><\/p>\n<ul>\n<li style=\"text-align: justify;\">Citometr\u00eda de flujo<\/li>\n<li style=\"text-align: justify;\">Electroimpedancia<\/li>\n<li style=\"text-align: justify;\">Imagenolog\u00eda<\/li>\n<li style=\"text-align: justify;\">Inteligencia artificial en biosistemas<\/li>\n<li style=\"text-align: justify;\">Modelos computacionales y sistemas inform\u00e1ticos para diagn\u00f3stico de c\u00e1ncer<\/li>\n<li style=\"text-align: justify;\">Procesamiento de biose\u00f1ales orientado al diagn\u00f3stico de c\u00e1ncer<\/li>\n<li style=\"text-align: justify;\">Radioterapia, dosimetr\u00eda y f\u00edsica de radiaciones<\/li>\n<li style=\"text-align: justify;\">Otras l\u00edneas de investigaci\u00f3n relacionadas con el diagn\u00f3stico de c\u00e1ncer<\/li>\n<\/ul>\n<p>[\/vc_column_text][\/vc_column_inner][vc_column_inner width=&#8221;1\/3&#8243; css=&#8221;.vc_custom_1695751477520{background-color: #f4f4f4 !important;}&#8221;][vc_column_text]<\/p>\n<div class=\"recuadro\">\n<h5 class=\"widgettitle\">ORGANIZADORES<\/h5>\n<p><strong>Dra. Hayde Peregrina Barreto<\/strong><br \/>\nInvestigadora Titular<br \/>\nCoordinaci\u00f3n de Ciencias Computacionales<br \/>\nInstituto Nacional de Astrof\u00edsica, \u00d3ptica y Electr\u00f3nica (INAOE)<br \/>\nhperegrina@inaoe.mx<\/p>\n<p><strong>Dra. Blanca Olivia Murillo Ortiz<\/strong><br \/>\nJefa de la Unidad de Investigaci\u00f3n en Epidemiolog\u00eda Cl\u00ednica UMAE Baj\u00edo OOAD Guanajuato, IMSS.<br \/>\nbomo907@hotmail.com<\/p>\n<p><strong>Dra. Delia Iraz\u00fa Hern\u00e1ndez Far\u00edas<\/strong><br \/>\nInvestigadora Titular<br \/>\nCoordinaci\u00f3n de Ciencias Computacionales<br \/>\nInstituto Nacional de Astrof\u00edsica, \u00d3ptica y Electr\u00f3nica (INAOE)<br \/>\ndirazuhf@inaoep.mx<\/p>\n<p><strong>Dr. Luis Carlos Padierna Garcia<\/strong><br \/>\nProfesor-Investigador<br \/>\nDivisi\u00f3n de Ciencias e Ingenier\u00edas<br \/>\nUniversidad de Guanajuato, Campus Le\u00f3n<br \/>\nlc.padierna@ugto.mx<\/div>\n<p>[\/vc_column_text][\/vc_column_inner][\/vc_row_inner][\/vc_column][\/vc_row]<\/p>\n<\/section>","protected":false},"excerpt":{"rendered":"<p>[vc_row][vc_column][vc_row_inner][vc_column_inner width=&#8221;2\/3&#8243;][vc_column_text] Los organizadores del\u00a03er. Congreso Nacional de Desarrollo de Materiales y Sistemas para el Diagn\u00f3stico de C\u00e1ncer\u00a0(CONDICAN-2025) se complacen en invitar a expertos, investigadores y profesionales a presentar propuestas para la organizaci\u00f3n de simposios durante nuestro pr\u00f3ximo evento. Los simposios ofrecen una plataforma para explorar y discutir en profundidad temas espec\u00edficos relacionados con el [&hellip;]<\/p>\n","protected":false},"author":1,"featured_media":0,"parent":0,"menu_order":0,"comment_status":"closed","ping_status":"closed","template":"","meta":{"footnotes":""},"class_list":["post-4066","page","type-page","status-publish","hentry"],"_links":{"self":[{"href":"https:\/\/condican.upiita.ipn.mx\/index.php\/wp-json\/wp\/v2\/pages\/4066","targetHints":{"allow":["GET"]}}],"collection":[{"href":"https:\/\/condican.upiita.ipn.mx\/index.php\/wp-json\/wp\/v2\/pages"}],"about":[{"href":"https:\/\/condican.upiita.ipn.mx\/index.php\/wp-json\/wp\/v2\/types\/page"}],"author":[{"embeddable":true,"href":"https:\/\/condican.upiita.ipn.mx\/index.php\/wp-json\/wp\/v2\/users\/1"}],"replies":[{"embeddable":true,"href":"https:\/\/condican.upiita.ipn.mx\/index.php\/wp-json\/wp\/v2\/comments?post=4066"}],"version-history":[{"count":46,"href":"https:\/\/condican.upiita.ipn.mx\/index.php\/wp-json\/wp\/v2\/pages\/4066\/revisions"}],"predecessor-version":[{"id":5506,"href":"https:\/\/condican.upiita.ipn.mx\/index.php\/wp-json\/wp\/v2\/pages\/4066\/revisions\/5506"}],"wp:attachment":[{"href":"https:\/\/condican.upiita.ipn.mx\/index.php\/wp-json\/wp\/v2\/media?parent=4066"}],"curies":[{"name":"wp","href":"https:\/\/api.w.org\/{rel}","templated":true}]}}